8
Calculate the highest common factor of 38370 and 18292258.
2558
What is the highest common factor of 2 and 167724156?
2
Calculate the greatest common factor of 35400 and 14988.
12
Calculate the highest common divisor of 2 and 8213186.
2
Calculate the greatest common factor of 283130 and 3610.
10
What is the greatest common factor of 676465 and 844705?
3505
Calculate the greatest common factor of 64505 and 48678.
133
What is the highest common factor of 3258265803 and 13?
13
Calculate the greatest common divisor of 40144 and 23619726.
5018
Calculate the greatest common factor of 20823799 and 27408.
571
Calculate the highest common divisor of 2502 and 556074.
18
What is the highest common factor of 57436996 and 1079?
83
What is the greatest common factor of 16322887 and 583?
53
What is the highest common divisor of 20 and 1812788?
4
Calculate the highest common factor of 7 and 23592947.
7
Calculate the highest common factor of 313754 and 6424.
146
What is the highest common factor of 99 and 541371633?
33
Calculate the greatest common divisor of 1450 and 2033422.
58
Calculate the greatest common divisor of 73 and 523070550.
73
Calculate the highest common divisor of 104133684 and 3852.
1284
Calculate the greatest common divisor of 3121270 and 170.
10
What is the greatest common factor of 96495 and 16170?
105
Calculate the highest common divisor of 119016 and 27732.
12
What is the greatest common divisor of 12 and 1163949768?
12
What is the highest common divisor of 586 and 520368?
586
What is the greatest common factor of 53638 and 4264?
26
Calculate the greatest common factor of 8 and 94664176.
8
Calculate the greatest common factor of 3052533 and 452253.
699
Calculate the highest common divisor of 249348784 and 6130.
1226
What is the highest common divisor of 94872 and 232?
8
What is the greatest common factor of 1930 and 887414?
386
Calculate the greatest common divisor of 288519 and 83683.
1249
What is the greatest common factor of 1728 and 3128976?
432
Calculate the highest common factor of 2265556 and 1360.
68
Calculate the greatest common divisor of 147 and 210839433.
21
What is the greatest common divisor of 770 and 256872?
154
Calculate the greatest common factor of 10027656 and 16.
8
What is the highest common divisor of 3826587 and 18338?
173
What is the highest common factor of 125719803 and 5346?
297
What is the greatest common divisor of 125413 and 270497?
83
Calculate the highest common factor of 279106 and 3502.
34
Calculate the highest common divisor of 34743060 and 495.
495
Calculate the greatest common divisor of 61726 and 1358.
14
What is the greatest common divisor of 440 and 5464910?
110
Calculate the highest common divisor of 135318963 and 1326.
663
What is the highest common factor of 21183 and 35029?
23
What is the greatest common divisor of 3917745 and 403485?
555
Calculate the greatest common factor of 541 and 9197.
541
What is the greatest common divisor of 73330 and 35740?
10
Calculate the highest common factor of 10829535 and 246.
123
Calculate the highest common divisor of 42180 and 50046.
114
What is the greatest common factor of 714 and 1172248?
14
What is the highest common factor of 581310 and 180?
90
What is the greatest common factor of 1077076 and 72630?
538
What is the highest common divisor of 3562 and 501098?
26
Calculate the greatest common factor of 60434438 and 744.
62
Calculate the highest common divisor of 13185155 and 389.
389
What is the greatest common divisor of 260401689 and 8001?
1143
What is the highest common divisor of 43996 and 740168?
2588
Calculate the greatest common divisor of 3094 and 3502226.
182
Calculate the greatest common divisor of 6265707 and 1377.
51
Calculate the greatest common divisor of 31106 and 150174.
206
Calculate the greatest common divisor of 528 and 203279604.
132
Calculate the highest common factor of 2068 and 1933844.
44
Calculate the greatest common factor of 2734 and 33067730.
2734
What is the highest common factor of 1728580 and 812?
28
What is the greatest common factor of 97686 and 137943?
81
Calculate the greatest common divisor of 202 and 868125098.
202
What is the greatest common factor of 8842455 and 180?
45
Calculate the highest common divisor of 396 and 14461425.
99
Calculate the highest common factor of 45 and 4511340.
45
What is the greatest common factor of 2415 and 65380490?
805
Calculate the highest common divisor of 13460132 and 6916.
532
What is the greatest common factor of 18 and 10689795?
9
What is the highest common factor of 441160531 and 191?
191
What is the greatest common factor of 115 and 173245?
5
What is the greatest common divisor of 564 and 1441866?
282
What is the greatest common factor of 3400488 and 956592?
6552
Calculate the highest common factor of 4238820658 and 634.
634
What is the highest common factor of 434 and 10640161?
217
Calculate the greatest common divisor of 338 and 28414815.
169
Calculate the highest common divisor of 29003538 and 189544.
1102
What is the greatest common factor of 60 and 289180?
20
What is the greatest common divisor of 43098 and 555258?
66
Calculate the greatest common divisor of 29913864 and 27224.
664
What is the highest common divisor of 61696 and 231296?
128
What is the highest common divisor of 13682263 and 3332?
119
Calculate the greatest common factor of 61318 and 1036702.
1426
Calculate the greatest common divisor of 1215 and 1620324.
243
Calculate the greatest common divisor of 228 and 1329639.
57
What is the highest common divisor of 1976637 and 117?
39
Calculate the greatest common factor of 351317 and 1793893.
3109
Calculate the greatest common factor of 8013060 and 60420.
1140
What is the highest common divisor of 1626965 and 351805?
355
Calculate the greatest common divisor of 128 and 358712.
8
What is the greatest common divisor of 44480755 and 2105?
2105
Calculate the highest common divisor of 2431 and 30998.
11
Calculate the greatest common divisor of 648 and 11413692.
36
Calculate the highest common factor of 186610326 and 68.
34
Calculate the highest common factor of 8880456 and 156.
156
Calculate the highest common divisor of 24 and 6804396.
12
Calculate the greatest common factor of 107480433 and 3.
3
Calculate the greatest common divisor of 21025 and 6013991.
841
Calculate the greatest common divisor of 50557423 and 3857.
133
Calculate the greatest common factor of 63392868 and 22932.
1764
What is the highest common divisor of 142065 and 15961?
11
Calculate the greatest common divisor of 32 and 6929.
1
Calculate the highest common divisor of 2807 and 4417.
7
Calculate the highest common divisor of 1254 and 17626566.
114
Calculate the highest common divisor of 9 and 233956071.
9
What is the highest common divisor of 142698 and 6477?
51
Calculate the greatest common divisor of 44490840 and 15.
15
What is the greatest common divisor of 4709 and 531335?
17
Calculate the highest common factor of 89585 and 18655.
205
What is the greatest common divisor of 690 and 10664295?
345
What is the highest common divisor of 281 and 56443627?
281
What is the highest common factor of 580 and 21981710?
290
Calculate the highest common factor of 6105545 and 345.
5
What is the highest common divisor of 244 and 32234596?
244
Calculate the highest common divisor of 31024 and 6111.
7
What is the greatest common factor of 2414 and 3499164?
142
What is the greatest common divisor of 4024 and 55784?
8
What is the highest common divisor of 113820 and 28818140?
5420
Calculate the greatest common factor of 177 and 84496791.
177
Calculate the highest common divisor of 14112648 and 4944.
2472
Calculate the greatest common divisor of 43680 and 6018740.
1820
What is the highest common divisor of 1227163 and 28?
7
Calculate the greatest common factor of 448856 and 912000.
152
Calculate the greatest common divisor of 2851110 and 86215.
2005
Calculate the highest common divisor of 6700 and 5859550.
50
Calculate the highest common factor of 2896 and 1893260.
724
What is the highest common factor of 169 and 29328?
13
Calculate the highest common divisor of 124173 and 60669.
567
What is the greatest common factor of 16790 and 3381690?
230
What is the greatest common divisor of 229295 and 299789?
379
What is the